 to base 7.
-1223
Convert 114b (base 15) to base 3.
12000222
What is 12511 (base 7) in base 3?
11120201
-40578 (base 10) to base 9
-61586
What is -35007 (base 8) in base 13?
-69b9
11302001 (base 4) to base 6
301345
What is -11115 (base 11) in base 4?
-3323231
2013 (base 8) to base 10
1035
21310 (base 4) to base 3
212021
-654 (base 16) to base 7
-4503
What is 8b4 (base 13) in base 14?
791
What is -1342 (base 13) in base 3?
-10210011
2202200201 (base 3) to base 5
3220301
Convert -10232 (base 4) to base 6.
-1222
What is 121100121 (base 3) in base 5?
340143
Convert -a7a5 (base 11) to base 16.
-37c0
Convert 111 (base 15) to base 16.
f1
-441405 (base 6) to base 10
-36653
12e0 (base 16) to base 14
1a92
Convert -167 (base 12) to base 10.
-223
3321 (base 4) to base 12
189
Convert -1200 (base 7) to base 15.
-1e6
Convert 60316 (base 7) to base 4.
3203212
Convert -5032 (base 12) to base 9.
-12812
-58b (base 16) to base 7
-4065
-6b9 (base 15) to base 11
-1166
What is 252 (base 14) in base 16?
1d0
What is 23220031 (base 4) in base 2?
1011101000001101
What is -10010000001 (base 2) in base 16?
-481
-552 (base 6) to base 2
-11010100
-310032 (base 7) to base 14
-15389
Convert -100020 (base 3) to base 2.
-11111001
Convert 7765 (base 9) to base 6.
42305
-2476 (base 8) to base 3
-1211201
What is 2e67 (base 15) in base 8?
23415
Convert -523 (base 7) to base 13.
-172
What is 3006 (base 9) in base 16?
891
What is -120212 (base 3) in base 7?
-1151
7575 (base 9) to base 6
41452
What is 2043 (base 5) in base 7?
540
-4522 (base 15) to base 12
-8595
Convert -117 (base 8) to base 7.
-142
-11100001 (base 2) to base 4
-3201
Convert 1200 (base 4) to base 7.
165
What is -1b522 (base 14) in base 3?
-10112111011
What is 1031 (base 4) in base 16?
4d
Convert -56612 (base 8) to base 11.
-16a9a
-1401140 (base 5) to base 8
-67207
What is 333 (base 12) in base 9?
573
Convert 122ab (base 13) to base 10.
33434
Convert 1221201010 (base 3) to base 14.
10008
Convert -9147 (base 13) to base 8.
-47041
Convert 5533 (base 6) to base 9.
1673
What is ad (base 15) in base 3?
20001
-14b (base 13) to base 3
-22121
What is 6520 (base 10) in base 7?
25003
Convert 421 (base 8) to base 11.
229
110110011010001 (base 2) to base 11
19a25
Convert 30560 (base 9) to base 8.
47256
What is 111120102 (base 3) in base 16?
26a5
Convert -356d (base 15) to base 9.
-16514
Convert 1342 (base 8) to base 2.
1011100010
What is 16679 (base 10) in base 15?
4e1e
-7374 (base 8) to base 3
-12021002
What is 210030 (base 4) in base 15?
a46
-110111011111 (base 2) to base 7
-13232
-216c (base 15) to base 3
-100201010
What is ea (base 16) in base 7?
453
What is -dc1b (base 14) in base 8?
-112241
Convert 1110010101 (base 2) to base 6.
4125
Convert -4671 (base 11) to base 5.
-144003
2524 (base 7) to base 11
793
-c1 (base 16) to base 2
-11000001
Convert 924 (base 13) to base 11.
1190
What is 63 (base 15) in base 13?
72
Convert -5445 (base 6) to base 14.
-657
What is 5403 (base 16) in base 2?
101010000000011
65014 (base 7) to base 8
37404
What is 2234002 (base 5) in base 2?
1001101111000101
What is -1010011110100100 (base 2) in base 14?
-118d6
What is 30174 (base 8) in base 7?
51121
What is -2c5 (base 13) in base 4?
-13303
What is 100 (base 10) in base 6?
244
121222020 (base 3) to base 6
133140
Convert -2012211 (base 3) to base 12.
-b27
What is -6800 (base 9) in base 12?
-2aa6
100111101011 (base 2) to base 5
40124
What is 650 (base 9) in base 4?
20103
Convert 115 (base 8) to base 2.
1001101
-2147 (base 16) to base 6
-103235
What is -7d2c (base 15) in base 10?
-26592
92b6 (base 13) to base 14
7552
-23865 (base 9) to base 11
-11040
What is 787 (base 10) in base 5?
11122
Convert 6197 (base 11) to base 6.
102005
Convert 2501 (base 14) to base 5.
201334
-202 (base 15) to base 5
-3302
Convert 3e62 (base 16) to base 12.
92aa
1111010111111 (base 2) to base 7
31643
-3014 (base 10) to base 7
-11534
Convert 23255 (base 7) to base 6.
43345
-15a23 (base 15) to base 11
-4847a
Convert 360a7 (base 11) to base 12.
26136
Convert -9256 (base 10) to base 16.
-2428
What is -145 (base 13) in base 5?
-1401
Convert 1231021 (base 4) to base 15.
210a
-34b (base 13) to base 9
-703
What is -1000100111 (base 2) in base 11?
-461
-2143 (base 8) to base 6
-5111
-24411 (base 6) to base 10
-3607
What is 25440 (base 6) in base 2?
111100000000
What is -120 (base 6) in base 13?
-39
What is 5750 (base 12) in base 5?
302313
3022 (base 8) to base 12
a96
What is -1600 (base 8) in base 15?
-3eb
Convert 20030210 (base 4) to base 3.
1201001102
14f6b (base 16) to base 4
110331223
265b (base 16) to base 8
23133
Convert 123e (base 16) to base 13.
2183
57c (base 13) to base 11
792
What is 21430 (base 5) in base 10?
1490
What is 51 (base 16) in base 11?
74
What is 166 (base 10) in base 7?
325
5278 (base 10) to base 8
12236
Convert 1079 (base 11) to base 7.
4063
16cc (base 14) to base 2
1000000000100
What is -347 (base 9) in base 3?
-101121
What is -5c5a (base 14) in base 8?
-37430
-622 (base 7) to base 3
-102111
What is 3207 (base 15) in base 10?
10582
-1050421 (base 6) to base 14
-155c9
What is 20000222 (base 3) in base 8?
10460
What is -4b3 (base 14) in base 5?
-12231
Convert 162 (base 11) to base 3.
21000
Convert -30017 (base 8) to base 3.
-121212200
What is e4e0 (base 15) in base 10?
48360
What is -48 (base 12) in base 2?
-111000
28006 (base 9) to base 5
1101320
What is 47427 (base 8) in base 12?
b873
284 (base 15) to base 14
2d0
Convert -27a (base 16) to base 10.
-634
13b2 (base 12) to base 11
17a6
What is 21124 (base 6) in base 13?
13c0
Convert 10101100 (base 2) to base 9.
211
669 (base 13) to base 8
2115
What is 11021101100 (base 3) in base 6?
1445230
What is 333c (base 16) in base 7?
53145
What is 254 (base 12) in base 9?
431
-2100 (base 7) to base 6
-3223
Convert 334 (base 6) to base 4.
2002
What is -21112000 (base 3) in base 15?
-1956
What is -57b (base 16) in base 8?
-2573
What is f47 (base 16) in base 13?
1a1b
Convert 30622 (base 8) to base 4.
3012102
506 (base 11) to base 12
42b
What is 30b7 (base 12) in base 10?
5323
Convert -1011001 (base 4) to base 15.
-1497
What is 5687 (base 9) in base 7?
15163
What is -9dd (base 14) in base 11?
-1521
What is 212031 (base 4) in base 13?
1161
What is 2344 (base 7) in base 13?
517
Convert -a465 (base 12) to base 3.
-220121012
What is 57a5 (base 12) in base 5?
303043
Convert 30a3 (base 16) to base 5.
344301
-696 (base 15) to base 3
-2001020
What is -d3e (base 15) in base 11?
-2273
-200022 (base 3) to base 8
-756
What is 7aa (base 12) in base 9?
1504
What is -1aa (base 11) in base 6?
-1041
Convert 1354 (base 7) to base 16.
211
Convert 11122 (base 5) to base 12.
557
Convert -333 (base 13) to base 4.
-20211
-1213301 (base 4) to base 3
-100002222
What is -65f (base 16) in base 2?
-11001011111
805 (base 10) to base 6
3421
Convert 424 (base 8) to base 12.
1b0
Convert -33131 (base 4) to base 9.
-1318
Convert -1364 (base 9) to base 7.
-3001
591 (base 16) to base 13
858
What is b (base 14) in base 11?
10
-56473 (base 10) to base 5
-3301343
What is -b183 (base 13) in base 10?
-24443
7aaa (base 12) to base 9
20664
What is -52135 (base 6) in base 9?
-10505
-4841 (base 10) to base 6
-34225
Convert 110101 (base 3) to base 5.
2314
What is 2841 (base 15) in base 5?
233421
What is -4404 (base 15) in base 9?
-21674
Convert 12061 (base 11) to base 6.
212230
Convert 201220 (base 3) to base 11.
449
Convert -42 (base 16) to base 5.
-231
-12851 (base 11) to base 6
-220503
-47566 (base 9) to base 6
-403140
Convert 1134 (base 6) to base 12.
1aa
What is 14542 (base 6) in base 10?
2366
-54454 (base 6) to base 14
-2a54
Convert -1224 (base 10) to base 14.
-636
What is 14032 (base 5) in base 15?
512
What is -1102322 (base 4) in base 11?
-3a94
What is 53a (base 16) in base 3?
1211120
1212201101 (base 3) to base 9
55641
What is 20204 (base 6) in base 5?
41133
38 (base 11) to base 10
41
Convert -20024 (base 6) to base 3.
-10120121
What is 25112 (base 6) in base 4?
322010
Convert 21035 (base 10) to base 7.
115220
What is -1766 (base 13) in base 12?
-2008
Convert 12023 (base 4) to base 10.
395
What is -41625 (base 7) in base 13?
-4893
What is -1330040 (base 5) in base 16?
-690f
Convert -228 (base 10) to base 4.
-3210
Convert -11330023 (base 4) to base 6.
-304351
